 of 22 and s?
11
Let h be (-24)/((-288)/10) - 31142/(-12). Calculate the highest common divisor of 236 and h.
236
Let g = 14 - 14. Let c(n) be the second derivative of n**4/12 - n**3/6 + 7*n**2 + 6*n. Let i be c(g). Calculate the highest common factor of i and 7.
7
Let v = -200 - -236. Let d be 1456/(-39)*9/4. Let x = d + 132. What is the highest common factor of v and x?
12
Let j = 131 - 124. Let d(c) = c**3 - 7*c**2 + 11*c - 37. Let z be d(j). Calculate the greatest common divisor of 12 and z.
4
Let l = -12198 + 24350. Suppose 28*r = -0*r + l. What is the highest common factor of 186 and r?
62
Let v be (15/9)/(10/12). Suppose -z - 2 = 2*r, -3*r - z - v = 2*r. Let x = 13 - r. Calculate the highest common divisor of 13 and x.
13
Let z(w) = -2*w**2 + 26*w + 7. Let p be z(10). Suppose 532 = -60*x + p*x. What is the highest common factor of 57 and x?
19
Let z(y) = -y**2 - 9*y + 2. Let o be z(-7). Suppose 15*w - o*w = -57. Suppose 58*t = w*t + 20. Calculate the greatest common factor of t and 5.
5
Suppose -5*d + 488 = 4*p - 0*p, 0 = -2*d - 4*p + 188. Let w(y) = y**2 + 24*y + 194. Let k be w(-12). What is the greatest common factor of d and k?
50
Suppose t = j + 2782 - 317, 9902 = 4*t + 3*j. What is the greatest common divisor of 14 and t?
7
Let z = 16114 - 4210. Calculate the greatest common factor of 124 and z.
124
Let v(p) = -2*p**3 + 54*p**2 - 215*p + 135. Let l be v(9). Let i = -53 - -89. What is the greatest common divisor of l and i?
36
Let k = -320 - -477. Suppose -58 + k = 9*i. Calculate the greatest common divisor of 44 and i.
11
Let s be 0 + 15 - (-32085)/1. What is the highest common factor of s and 40?
20
Suppose 59*o - 6624 = 17*o - 142*o. Suppose -20 = -3*u + 4*x, -3*x - 20 = -8*x. Calculate the greatest common factor of u and o.
12
Let h be 8/96*3673 - (-1 + 104/96). What is the greatest common divisor of h and 1666?
34
Let x = -371 + 220. Let u = 205 + x. What is the greatest common divisor of u and 189?
27
Suppose 5*o - 19 = 5*m - 2*m, 0 = 5*o + 5*m + 5. Suppose -500*q + 106*q + 2438 = -3866. Calculate the greatest common divisor of o and q.
2
Let r = 320 + -201. Let s be (42/(-63))/(r/60 + -2). What is the highest common divisor of 200 and s?
40
Suppose m - 4*k - 269 = 0, 0 = 5*m - 9*m + 5*k + 1098. Suppose s - 5*y = 394, 0 = -2*s + y + m + 475. What is the greatest common factor of 34 and s?
34
Let w = 13 - 1. Let p(n) = 4*n**2 - 18*n - 2. Let l be p(5). Suppose -x = -14*h + 19*h + 14, 5*x - l = h. Calculate the greatest common factor of x and w.
1
Let n = 7 - -7. Let d be 55/30 - 20/(-120). Suppose 33 + 20 = d*v - 3*i, -5*v + 143 = 3*i. Calculate the highest common factor of v and n.
14
Let h(g) = g**3 + 7. Let m be h(0). Suppose 6*z - 13*z - 588 = 0. Let u = -49 - z. Calculate the highest common divisor of u and m.
7
Let z = -3016 + 3048. Calculate the greatest common factor of z and 2416.
16
Let t(v) = 2*v + 10. Let b be t(-5). Suppose b = 5*s + 18 - 298. Suppose -o = 3*o - 2*y - s, 50 = 4*o - 5*y. Calculate the highest common divisor of 3 and o.
3
Suppose -2*t = t - 24. Suppose -161*p - 5575 = -9019 - 8148. What is the highest common divisor of t and p?
8
Let s = 7760 - 3453. Calculate the highest common divisor of 657 and s.
73
Let r = 19849 + -19839. What is the highest common factor of r and 2690?
10
Let k(u) = 4*u + 8. Let j be k(2). Suppose 0 = -j*c + 18*c + 360. Let s = 375 + c. Calculate the greatest common divisor of s and 15.
15
Let f(w) = 8*w**3 + 12*w**2 - 52*w + 196. Let u be f(4). Calculate the greatest common factor of u and 12.
4
Let z be 9/(108/16)*27. Suppose -2*k = d - 39, 4*k - 5*k = 3*d - 132. Calculate the greatest common factor of d and z.
9
Suppose 0 = 5*i - 2*d - 63 - 194, -3*i + 4*d + 171 = 0. What is the greatest common factor of 28 and i?
7
Suppose -11 - 9 = 5*r. Let i be (r - (-20)/6)*-3. What is the greatest common divisor of 62 and i?
2
Suppose -73*h + 1250 = -63*h. What is the greatest common divisor of h and 1?
1
Let d(c) = -35*c + 3850. Let x be d(-38). What is the highest common factor of x and 42?
14
Suppose 0 = 3*y - 2*o + 7*o - 45, 35 = y - 5*o. Suppose 3540 = 1023*p - 1020*p. Calculate the greatest common factor of y and p.
20
Suppose -4*b + 29 = 3*r, 3*b - 4*r + 2 = 5. Suppose b = -m + 10. What is the highest common factor of m and 160?
5
Suppose 205 - 176 = k - 5*z, 2*k + z - 91 = 0. Calculate the greatest common divisor of k and 1727.
11
Let d(l) = 18*l**3 - 180*l**2 + 9*l - 70. Let t be d(10). Suppose 4*w = -5*f + 1120, -3*f + 215 = -2*f - w. What is the highest common factor of t and f?
20
Suppose 2*f + 36*l - 41*l - 31 = 0, 2*f + l - 49 = 0. Let x(c) = 208*c**2 + 3*c + 2. Let p be x(-1). What is the highest common factor of p and f?
23
Suppose 25*x + 16 = 21*x. Let j be 2/x*-8*(-135)/(-20). Let h(l) = 8*l - 10. Let t be h(8). Calculate the highest common factor of t and j.
27
Let q = -8442 - -8496. What is the greatest common factor of 8478 and q?
54
Let s be (5 - (6 + 51/15))/(1/(-1440)). What is the highest common factor of s and 432?
144
Let k = -10 + 6. Let c(f) = 51*f - 26. Let w(q) = 101*q - 48. Let r(d) = 7*c(d) - 4*w(d). Let y be r(k). Calculate the highest common factor of 18 and y.
18
Suppose -106 - 1312 = -6*z + 1318. Calculate the greatest common divisor of 9880 and z.
152
Suppose 6*n + 154 = 640. Let g be 2*378/4*27/n. What is the highest common divisor of 27 and g?
9
Let h(j) = -15*j + 68. Let y be h(6). Let t = y - -319. Calculate the greatest common factor of t and 11.
11
Suppose 5*x + 10230 = 13*x + 14*x. Calculate the greatest common divisor of x and 195.
15
Let d(t) = 18*t**2 - t - 6. Let n be d(-2). Let b = -59 + n. Calculate the greatest common factor of 9 and b.
9
Let d = 1022 - 984. Calculate the greatest common factor of d and 38.
38
Suppose -l + 3*d + 604 = d, 3*l = -3*d + 1812. Let b = l - 100. Let j be (1/(-3)*1)/((-14)/b). What is the highest common factor of 36 and j?
12
Let q(a) = 35*a**2 + 267*a + 1290. Let m be q(-5). What is the greatest common factor of m and 2158?
166
Let t be ((-957)/132)/(3/(-612)). Calculate the highest common divisor of t and 174.
87
Let w = 935 + -934. Suppose g = 2*h + 3 + 2, -g - 10 = 3*h. Let f be 3 - h/(6/(-2)). What is the greatest common factor of f and w?
1
Let h be (17/(-68))/(1*(-1)/76). Suppose -d + 13 = h. Let y be 1/((1/d)/(1 - 5)). Calculate the greatest common factor of y and 264.
24
Suppose 31*o - 3808 = -3*o. Let i be (6 - o/20)/((-2)/(-280)). Calculate the greatest common divisor of 154 and i.
14
Suppose -9*c - 2*c = 0. Let y(u) = -18*u + 2. Let v be y(-5). Suppose c = -4*m - 4*h + v, 2*m = -3*h - 25 + 67. What is the highest common factor of m and 3?
3
Let u be 272*45/(-330)*-11. What is the greatest common divisor of 1479 and u?
51
Let z = 71 - 9. Suppose -2*g + 430 = -a, 2*a - 3*g + 426 = -435. Let t = a - -587. What is the highest common divisor of t and z?
31
Let q(r) = r**3 + 14*r**2 + 3*r + 46. Let z be q(-13). Calculate the greatest common factor of z and 416.
16
Let o be (-2117103)/(-666) - (-5)/(-6). Calculate the highest common divisor of o and 681.
227
Suppose -3596 = -13*t + 8*t - 41*t - 12*t. Suppose -l + 2*l = 1054. Calculate the greatest common divisor of l and t.
62
Let b(w) = w**2 + 4*w**2 + 266 - w**3 + 16*w**2 - 288 + 54*w. Let s be b(23). Calculate the highest common divisor of 36 and s.
18
Let x = 91041 - 90996. Suppose -a + 1216 = 496. Calculate the highest common factor of x and a.
45
Suppose 0 = -4*n - 22 + 38. Suppose -x - 142 = n*f - 8*f, x - 2 = 0. What is the greatest common factor of 90 and f?
18
Let a be (16/24 - -1)*135. Suppose 0 = -27*t + 42*t - a. Calculate the highest common divisor of 25 and t.
5
Let i(v) = -37*v - 591. Let l be i(0). Let h = 594 + l. What is the highest common divisor of h and 24?
3
Suppose 27*o - 56*o = 102*o - 5240. Let q = -90 + 190. What is the greatest common divisor of q and o?
20
Suppose 5*d - 5*x = 594 - 149, -4*d - 4*x = -324. Let m = 159 + 65. Let l = 241 - m. Calculate the greatest common factor of l and d.
17
Let u be (-194)/(-8) + (-465)/(-620). What is the highest common factor of 4175 and u?
25
Let v = -2790 - -4660. What is the highest common divisor of 66 and v?
22
Suppose 371*t = 372*t + m - 24256, -3*t + 72770 = 2*m. What is the gr